2
Suppose 2*i - 3*s = 43, -i + 0*s = s - 9. What is the highest common factor of 35 and i?
7
Let i(d) = -3*d - 11 + 10 + 2*d. Let x be i(-13). What is the highest common divisor of x and 6?
6
Let a be (20/(-6))/(3/9). Let d = 12 + a. Let h = 8 - 4. Calculate the greatest common factor of d and h.
2
Let u be 36/(-5)*80/(-32). What is the greatest common factor of u and 27?
9
Suppose -5*g - 4*h = -515, 5*g + 3*h = 234 + 276. Calculate the highest common factor of 11 and g.
11
Suppose -169 = -3*b + 5*w, -2*b - 5*w - 43 = -3*b. What is the greatest common divisor of b and 9?
9
Let t(y) = -38*y + 1. Let w be t(-1). Suppose -o - w + 7 = -3*x, 0 = 4*x - 4*o - 56. Let j = -21 + 30. Calculate the greatest common divisor of j and x.
9
Let d = -2 + 5. Suppose d*y = 6*y - 27. Suppose -3*h + 140 = -c, 4*c = -24 + 4. Calculate the highest common divisor of y and h.
9
Let v(z) = z**2 + 2*z. Let y be v(-3). Calculate the greatest common divisor of 3 and y.
3
Let d = 12 + -10. Suppose 4*n - 98 = -d. Calculate the greatest common factor of n and 60.
12
Let i = 1 + 4. Suppose 17 = 2*x - i. What is the highest common divisor of x and 55?
11
Suppose 0 = 5*n - 7*n + 2. Suppose -2*v + 5 = n. Suppose v*c + 3*c = 45. Calculate the greatest common factor of c and 9.
9
Let v be 4/((1/(-2))/(-1)). Calculate the greatest common factor of 40 and v.
8
Let b = 71 - 41. Suppose -p + 5*x - 34 = 0, 4*p + b = -3*x + 9. Let w be (-6)/p + (-208)/(-12). What is the greatest common factor of 6 and w?
6
Let j(p) = p**2 + 3*p - 1. Let i be j(-4). Suppose -4*z - 5*v = -23, -5*v + 21 = i*z - 0*v. Calculate the highest common divisor of 22 and z.
2
Let h = 27 - 12. Let w be 3/6 - h/(-2). Calculate the highest common factor of 20 and w.
4
Let p = 45 + 177. What is the highest common factor of 37 and p?
37
Let f be (-1)/(-5)*5*7. What is the highest common factor of f and 1?
1
Let s(q) = -q**3 + 6*q**2 + 4*q - 6. Suppose l = -3*l + 24. Let y be s(l). Let u be y/6*1*7. Calculate the greatest common factor of 14 and u.
7
Let g = -44 - 130. Let w = g + 336. Calculate the greatest common divisor of 18 and w.
18
Let n(c) = c**2 - 3*c - 8. Let q be 2/3 + (-30)/(-9). Let h be 6/4*(q + 0). Let p be n(h). What is the greatest common divisor of p and 90?
10
Let b = 80 - 72. Calculate the highest common factor of 256 and b.
8
Let n(p) = p**3 + 7*p**2 + 4*p - 10. Let h be n(-6). Calculate the greatest common factor of 22 and h.
2
Suppose 5*d = -2*p + 64, -5*p - 3*d + 76 = -65. Calculate the greatest common factor of 189 and p.
27
Let n(v) = 2*v**2 - v + 2. Let i be n(2). Let z be 3 + -39*3/(-9). Calculate the highest common divisor of i and z.
8
Let o be (1/(-2))/(5/(-40)). Let z(r) = r**3 + 2*r**2 + 3*r - 12. Let b be z(2). What is the greatest common divisor of o and b?
2
Suppose -5*y + 2*b = -109, -b + 86 = 4*y - 2*b. Let v = -49 - -133. What is the greatest common factor of v and y?
21
Suppose 0 = -5*m - 3 + 18. Suppose m*y = -17 + 170. Calculate the highest common factor of y and 17.
17
Let d(y) = -9*y + 7. Let v(f) = -f. Let a(k) = -d(k) + 6*v(k). Let p = 12 + -7. Let x be a(p). What is the greatest common factor of x and 4?
4
Suppose 155 = 5*v - 0*q + 4*q, -25 = -5*q. Calculate the greatest common factor of 18 and v.
9
Let m = -19 - -37. Calculate the highest common factor of m and 27.
9
Suppose 0 = -3*s + 175 - 31. Let q be (-80)/6*s/(-10). Calculate the highest common factor of 16 and q.
16
Suppose -q + 82 = -182. Suppose -4*s = -s - q. Let d = 21 - 13. Calculate the highest common factor of d and s.
8
Suppose 0 = -6*s + 3*s - 3*l + 240, -215 = -3*s + 2*l. Calculate the highest common divisor of 15 and s.
15
Let c(j) = -j + 5. Let g(i) = i**2 + 6*i + 4. Let k be g(-6). Suppose 0 = k*d - 8*d. Let w be c(d). Calculate the greatest common factor of 5 and w.
5
Suppose 5*c - 60 = c. Suppose -f + w + 18 = 0, 0 = w + 4*w + c. Calculate the greatest common divisor of 15 and f.
15
Suppose 0 = -2*q - 0 + 64. Suppose -q + 0 = -2*h. Suppose 0*p - 3 = -p - u, -4*p + 5 = -3*u. Calculate the greatest common divisor of h and p.
2
Let l(u) = 5*u + 1. Let j be l(1). Suppose -j*i + i = -30. Suppose -i + 105 = 3*x + a, 66 = 2*x + a. What is the highest common divisor of 22 and x?
11
Suppose 0 = -3*o + o + 8. Let b(i) = -i**3 + 3*i**2 + 4*i + 4. Let y be b(o). Suppose p - y*p + 6 = 0. What is the greatest common divisor of p and 10?
2
Let o(m) = 9*m - 10. Let y be o(5). Let g(b) = -b**2 + 9*b. Let h be g(7). What is the highest common divisor of y and h?
7
Let z(c) = c + 3 - 1 + 4. Let r be z(-4). Suppose -d = -r - 33. What is the highest common divisor of 5 and d?
5
Suppose -1 = -4*m + y + 4, 0 = -4*m - 2*y + 2. What is the highest common factor of m and 8?
1
Suppose -5*s - 73 = -o, -149 = -4*o - 5*s + 18. Suppose -2*r = -b - 29, 0 = 3*r + 3*b - b - 26. Calculate the highest common divisor of r and o.
12
Suppose -5*b - 4 = -c + 3, -22 = -2*c + 2*b. Let z(f) = f**3 - 2*f + 1. Let i be z(-2). Let j be i/(2/(-24)*2). What is the highest common factor of j and c?
6
Suppose -34 + 154 = 5*n. What is the greatest common divisor of 12 and n?
12
Let b(z) = 3*z**2 - 5*z + 6. Let s be b(4). Calculate the highest common factor of 51 and s.
17
Suppose 5*w = -3*k + 413, -5*k + 5*w = w - 676. What is the highest common divisor of 17 and k?
17
Let a(y) = -26*y + 1. Suppose 0 = -2*m - 7 + 1, 8 = -5*p - m. Let f be a(p). Calculate the greatest common factor of 9 and f.
9
Let w(f) = -f**2 + 3*f + 25. Let s be w(0). Calculate the highest common factor of s and 225.
25
Let d(r) = 2*r**2 - r + 3. Let a be d(3). Let u = a - 6. Let j be 6 + 1 + (0 - -1). Calculate the greatest common factor of j and u.
4
Let o(z) = 6*z**2 - 4*z - 4. Let i be o(-2). Calculate the highest common divisor of 4 and i.
4
Let d(r) = r**2 - r - 2. Let w be d(-2). Suppose -20 = -2*m - m - a, -10 = -2*m - w*a. What is the greatest common divisor of 7 and m?
7
Suppose -4*v + 6*v - 8 = 0. Let x = -1 - -1. Let l = v + x. What is the highest common factor of 4 and l?
4
Let y(j) = -j + 13. Let w be y(5). Calculate the highest common divisor of 2 and w.
2
Let c = -70 - -81. What is the greatest common factor of c and 22?
11
Suppose -5*m + m - 3*o = 7, 0 = 5*m - 4*o - 30. Suppose -l - 3*l + 6 = m*i, 0 = -4*i - l + 33. What is the greatest common divisor of i and 72?
9
Suppose 3*s = 7*s - 4. Let l = 2 - s. Let i be (2 - 2 - l) + 11. What is the greatest common divisor of 90 and i?
10
Let d = -12 - -19. Let p = -5 + d. What is the highest common divisor of 10 and p?
2
Let t = -54 - -63. What is the highest common factor of 45 and t?
9
Suppose 3*j - 19 = -4*b, -3*b + 7 - 19 = -3*j. Suppose -5*q = -j*v + 30, 0 = 2*v + q + q. What is the greatest common divisor of v and 27?
3
Suppose -4*w + 4*z = 2*z - 124, 0 = w - 4*z - 38. What is the greatest common divisor of w and 6?
6
Let w(b) = b**3 - 19*b**2 - b + 21. Let h be w(19). Calculate the highest common divisor of 4 and h.
2
Suppose 0 = -2*q - 4 - 4, -2*q = k + 10. Let n be ((-4)/(-8))/(k/(-92)). Calculate the greatest common factor of 207 and n.
23
Let f = 264 - 147. Calculate the greatest common divisor of f and 13.
13
Let m(k) = k**3 + k**2 - 3*k + 1. Let u be m(-4). Let d = 51 + u. Calculate the greatest common factor of d and 48.
16
Let k(n) = n - 27. Let c be k(0). Let d be c/18*(-10)/3. What is the highest common divisor of d and 20?
5
Suppose -2*n + 3*h = 2*n - 131, 4*n - 137 = h. Let q(d) = -8*d + 4. Let t be q(3). Let o = n + t. Calculate the highest common factor of 105 and o.
15
Suppose -5*m + 10 = 0, -l - 3*m - 206 = -5*l. Calculate the highest common factor of 265 and l.
53
Let a(m) = -m**2 - 4*m + 2. Let f be a(-4). Let u(p) = p**2 - 3. Let y be u(3). Suppose f*n + y - 36 = 0. What is the greatest common divisor of 120 and n?
15
Suppose -5*c = 0, 3*c - 6 = -3*h - 0*c. Suppose 11 = 2*a + 3*i - 0*i, -5*a = -h*i - 18. Calculate the highest common divisor of 44 and a.
4
Let g(b) = -b**2 + 6*b - 4. Let w be g(4). Let v be (w/5)/(8/60). Let a be v/(-33) + 387/11. What is the greatest common divisor of a and 5?
5
Let a = -5 - -10. Suppose 2*i - 28 = -2*g, -a*i + 3*i = -2*g + 40. Calculate the highest common divisor of g and 136.
17
Suppose 5*n - 267 - 83 = -2*m, 0 = -5*n. What is the highest common divisor of 3